{"id":79,"date":"2023-03-03T22:21:20","date_gmt":"2023-03-03T21:21:20","guid":{"rendered":"https:\/\/www.politicti-vezni.cz\/?page_id=79"},"modified":"2023-03-03T22:21:20","modified_gmt":"2023-03-03T21:21:20","slug":"kontakt","status":"publish","type":"page","link":"https:\/\/www.politicti-vezni.cz\/?page_id=79","title":{"rendered":"Kontakt"},"content":{"rendered":"\n<p><strong>Sdru\u017een\u00ed b\u00fdval\u00fdch politick\u00fdch v\u011bz\u0148\u016f \u010cR<\/strong><\/p>\n\n\n\n<p>Na B\u011blidle 34<br>Praha 5 \u2013 Sm\u00edchov<br>150 00<\/p>\n\n\n\n<p>tel\/fax\/z\u00e1znam: +420 222 323 816<br>Mobil: +420 603 551 554<br>e-mail:\u00a0info@politicti-vezni.cz<br>web:\u00a0https:\/\/www.politicti-vezni.cz<\/p>\n\n\n\n<p>I\u010c: 61386006<br>DI\u010c: 008- 61386006<\/p>\n","protected":false},"excerpt":{"rendered":"<div class=\"mh-excerpt\"><p>Sdru\u017een\u00ed b\u00fdval\u00fdch politick\u00fdch v\u011bz\u0148\u016f \u010cR Na B\u011blidle 34Praha 5 \u2013 Sm\u00edchov150 00 tel\/fax\/z\u00e1znam: +420 222 323 816Mobil: +420 603 551 554e-mail:\u00a0info@politicti-vezni.czweb:\u00a0https:\/\/www.politicti-vezni.cz I\u010c: 61386006DI\u010c: 008- 61386006<\/p>\n<\/div>","protected":false},"author":1,"featured_media":0,"parent":0,"menu_order":0,"comment_status":"closed","ping_status":"closed","template":"","meta":{"footnotes":""},"class_list":["post-79","page","type-page","status-publish","hentry"],"_links":{"self":[{"href":"https:\/\/www.politicti-vezni.cz\/index.php?rest_route=\/wp\/v2\/pages\/79","targetHints":{"allow":["GET"]}}],"collection":[{"href":"https:\/\/www.politicti-vezni.cz\/index.php?rest_route=\/wp\/v2\/pages"}],"about":[{"href":"https:\/\/www.politicti-vezni.cz\/index.php?rest_route=\/wp\/v2\/types\/page"}],"author":[{"embeddable":true,"href":"https:\/\/www.politicti-vezni.cz\/index.php?rest_route=\/wp\/v2\/users\/1"}],"replies":[{"embeddable":true,"href":"https:\/\/www.politicti-vezni.cz\/index.php?rest_route=%2Fwp%2Fv2%2Fcomments&post=79"}],"version-history":[{"count":1,"href":"https:\/\/www.politicti-vezni.cz\/index.php?rest_route=\/wp\/v2\/pages\/79\/revisions"}],"predecessor-version":[{"id":80,"href":"https:\/\/www.politicti-vezni.cz\/index.php?rest_route=\/wp\/v2\/pages\/79\/revisions\/80"}],"wp:attachment":[{"href":"https:\/\/www.politicti-vezni.cz\/index.php?rest_route=%2Fwp%2Fv2%2Fmedia&parent=79"}],"curies":[{"name":"wp","href":"https:\/\/api.w.org\/{rel}","templated":true}]}}