{"id":11,"date":"2023-03-03T20:49:04","date_gmt":"2023-03-03T19:49:04","guid":{"rendered":"https:\/\/www.politicti-vezni.cz\/?page_id=11"},"modified":"2023-03-03T22:03:39","modified_gmt":"2023-03-03T21:03:39","slug":"uvod","status":"publish","type":"page","link":"https:\/\/www.politicti-vezni.cz\/?page_id=11","title":{"rendered":"O n\u00e1s"},"content":{"rendered":"\t\t<div data-elementor-type=\"wp-page\" data-elementor-id=\"11\" class=\"elementor elementor-11\" data-elementor-settings=\"{&quot;ha_cmc_init_switcher&quot;:&quot;no&quot;}\">\n\t\t\t\t\t\t<section class=\"elementor-section elementor-top-section elementor-element elementor-element-6217fece elementor-section-boxed elementor-section-height-default elementor-section-height-default\" data-id=\"6217fece\" data-element_type=\"section\" data-e-type=\"section\" data-settings=\"{&quot;_ha_eqh_enable&quot;:false}\">\n\t\t\t\t\t\t<div class=\"elementor-container elementor-column-gap-default\">\n\t\t\t\t\t<div class=\"elementor-column elementor-col-100 elementor-top-column elementor-element elementor-element-58b1acb\" data-id=\"58b1acb\" data-element_type=\"column\" data-e-type=\"column\">\n\t\t\t<div class=\"elementor-widget-wrap elementor-element-populated\">\n\t\t\t\t\t\t<div class=\"elementor-element elementor-element-196455f8 elementor-widget elementor-widget-text-editor\" data-id=\"196455f8\" data-element_type=\"widget\" data-e-type=\"widget\" data-widget_type=\"text-editor.default\">\n\t\t\t\t<div class=\"elementor-widget-container\">\n\t\t\t\t\t\t\t\t\t\n<p><img decoding=\"async\" class=\"size-full wp-image-20 alignleft\" src=\"https:\/\/www.politicti-vezni.cz\/wp-content\/uploads\/2023\/03\/aa.jpg\" alt=\"\" width=\"224\" height=\"136\" \/>Sdru\u017een\u00ed b\u00fdval\u00fdch politick\u00fdch v\u011bz\u0148\u016f \u010cesk\u00e9 republiky (SBPV-\u010cR), je spole\u010denskou organizac\u00ed sdru\u017euj\u00edc\u00ed b\u00fdval\u00e9 politick\u00e9 v\u011bzn\u011b z obdob\u00ed komunistick\u00e9 perzekuce, kter\u00fdm se za jejich n\u00e1zory totalitn\u00ed re\u017eim mstil v\u011bzn\u011bn\u00edm i otrockou prac\u00ed v komunistick\u00fdch koncentra\u010dn\u00edch t\u00e1borech. Sdru\u017euje ob\u010dany pron\u00e1sledovan\u00e9 a v\u011bzn\u011bn\u00e9 nejen v pades\u00e1t\u00fdch letech, ale prakticky a\u017e do roku 1989.<\/p>\n\n<p>NA T\u00c9TO STR\u00c1NCE NALEZNETE INFORMACE SBPV,N\u00c1ZORY SDRU\u017dEN\u00cd NA D\u011aN\u00cd V REPUBLICE I VE SV\u011aT\u011a, POLEMIKY K UD\u00c1LOSTEM V NA\u0160\u00cd POLITICK\u00c9 SC\u00c9N\u011a A TAK\u00c9 ZDE BUDEME P\u0158IPOM\u00cdNAT CO ZNAMENALA KOMUNISTICK\u00c1 TOTALITA PRO NA\u0160I SPOLE\u010cNOST A JAK\u00c9 HR\u016eZY I ZV\u011aRSTVA NA LIDECH P\u00c1CHALA.<\/p>\n\t\t\t\t\t\t\t\t<\/div>\n\t\t\t\t<\/div>\n\t\t\t\t\t<\/div>\n\t\t<\/div>\n\t\t\t\t\t<\/div>\n\t\t<\/section>\n\t\t\t\t<section class=\"elementor-section elementor-top-section elementor-element elementor-element-db6ceef elementor-section-boxed elementor-section-height-default elementor-section-height-default\" data-id=\"db6ceef\" data-element_type=\"section\" data-e-type=\"section\" data-settings=\"{&quot;_ha_eqh_enable&quot;:false}\">\n\t\t\t\t\t\t<div class=\"elementor-container elementor-column-gap-default\">\n\t\t\t\t\t<div class=\"elementor-column elementor-col-66 elementor-top-column elementor-element elementor-element-8543119\" data-id=\"8543119\" data-element_type=\"column\" data-e-type=\"column\">\n\t\t\t<div class=\"elementor-widget-wrap elementor-element-populated\">\n\t\t\t\t\t\t<div class=\"elementor-element elementor-element-818c795 elementor-widget elementor-widget-ha-post-info happy-addon ha-post-info\" data-id=\"818c795\" data-element_type=\"widget\" data-e-type=\"widget\" data-widget_type=\"ha-post-info.default\">\n\t\t\t\t<div class=\"elementor-widget-container\">\n\t\t\t\t\t\t\t<ul class=\"ha-inline-items ha-icon-list-items ha-post-info\">\n\t\t\t\t\t<li class=\"ha-icon-list-item elementor-repeater-item-4e860a0 ha-inline-item\" itemprop=\"author\">\n\t\t\t\t\t\t<a href=\"https:\/\/www.politicti-vezni.cz\/?author=1\">\n\t\t\t\t\t\t\t\t\t\t\t<span class=\"ha-icon-list-icon\">\n\t\t\t\t\t\t\t\t\t\t\t\t\t\t<i class=\"fa fa-user-circle-o\" aria-hidden=\"true\"><\/i>\n\t\t\t\t\t\t\t\t\t\t\t\t<\/span>\n\t\t\t\t\t\t\t\t\t<span class=\"ha-icon-list-text ha-post-info__item ha-post-info__item--type-author\">\n\t\t\t\t\t\t\t\t\t\tpolitictiv\t\t\t\t\t<\/span>\n\t\t\t\t\t\t\t\t\t<\/a>\n\t\t\t\t<\/li>\n\t\t\t\t<li class=\"ha-icon-list-item elementor-repeater-item-8a2d5d5 ha-inline-item\" itemprop=\"datePublished\">\n\t\t\t\t\t\t<a href=\"https:\/\/www.politicti-vezni.cz\/?m=20230303\">\n\t\t\t\t\t\t\t\t\t\t\t<span class=\"ha-icon-list-icon\">\n\t\t\t\t\t\t\t\t\t\t\t\t\t\t<i class=\"fa fa-calendar\" aria-hidden=\"true\"><\/i>\n\t\t\t\t\t\t\t\t\t\t\t\t<\/span>\n\t\t\t\t\t\t\t\t\t<span class=\"ha-icon-list-text ha-post-info__item ha-post-info__item--type-date\">\n\t\t\t\t\t\t\t\t\t\t3 b\u0159ezna, 2023\t\t\t\t\t<\/span>\n\t\t\t\t\t\t\t\t\t<\/a>\n\t\t\t\t<\/li>\n\t\t\t\t<li class=\"ha-icon-list-item elementor-repeater-item-37b7d84 ha-inline-item\">\n\t\t\t\t\t\t\t\t\t\t<span class=\"ha-icon-list-icon\">\n\t\t\t\t\t\t\t\t\t\t\t\t\t\t<i class=\"fa fa-clock-o\" aria-hidden=\"true\"><\/i>\n\t\t\t\t\t\t\t\t\t\t\t\t<\/span>\n\t\t\t\t\t\t\t\t\t<span class=\"ha-icon-list-text ha-post-info__item ha-post-info__item--type-time\">\n\t\t\t\t\t\t\t\t\t\t8:49 pm\t\t\t\t\t<\/span>\n\t\t\t\t\t\t\t\t<\/li>\n\t\t\t\t<\/ul>\n\t\t\t\t\t\t<\/div>\n\t\t\t\t<\/div>\n\t\t\t\t\t<\/div>\n\t\t<\/div>\n\t\t\t\t<div class=\"elementor-column elementor-col-33 elementor-top-column elementor-element elementor-element-2912a8c\" data-id=\"2912a8c\" data-element_type=\"column\" data-e-type=\"column\">\n\t\t\t<div class=\"elementor-widget-wrap\">\n\t\t\t\t\t\t\t<\/div>\n\t\t<\/div>\n\t\t\t\t\t<\/div>\n\t\t<\/section>\n\t\t\t\t<\/div>\n\t\t","protected":false},"excerpt":{"rendered":"<div class=\"mh-excerpt\"><p>Sdru\u017een\u00ed b\u00fdval\u00fdch politick\u00fdch v\u011bz\u0148\u016f \u010cesk\u00e9 republiky (SBPV-\u010cR), je spole\u010denskou organizac\u00ed sdru\u017euj\u00edc\u00ed b\u00fdval\u00e9 politick\u00e9 v\u011bzn\u011b z obdob\u00ed komunistick\u00e9 perzekuce, kter\u00fdm se za jejich n\u00e1zory totalitn\u00ed re\u017eim <a class=\"mh-excerpt-more\" href=\"https:\/\/www.politicti-vezni.cz\/?page_id=11\" title=\"O n\u00e1s\">[&#8230;]<\/a><\/p>\n<\/div>","protected":false},"author":1,"featured_media":0,"parent":0,"menu_order":0,"comment_status":"closed","ping_status":"closed","template":"","meta":{"footnotes":""},"class_list":["post-11","page","type-page","status-publish","hentry"],"_links":{"self":[{"href":"https:\/\/www.politicti-vezni.cz\/index.php?rest_route=\/wp\/v2\/pages\/11","targetHints":{"allow":["GET"]}}],"collection":[{"href":"https:\/\/www.politicti-vezni.cz\/index.php?rest_route=\/wp\/v2\/pages"}],"about":[{"href":"https:\/\/www.politicti-vezni.cz\/index.php?rest_route=\/wp\/v2\/types\/page"}],"author":[{"embeddable":true,"href":"https:\/\/www.politicti-vezni.cz\/index.php?rest_route=\/wp\/v2\/users\/1"}],"replies":[{"embeddable":true,"href":"https:\/\/www.politicti-vezni.cz\/index.php?rest_route=%2Fwp%2Fv2%2Fcomments&post=11"}],"version-history":[{"count":13,"href":"https:\/\/www.politicti-vezni.cz\/index.php?rest_route=\/wp\/v2\/pages\/11\/revisions"}],"predecessor-version":[{"id":62,"href":"https:\/\/www.politicti-vezni.cz\/index.php?rest_route=\/wp\/v2\/pages\/11\/revisions\/62"}],"wp:attachment":[{"href":"https:\/\/www.politicti-vezni.cz\/index.php?rest_route=%2Fwp%2Fv2%2Fmedia&parent=11"}],"curies":[{"name":"wp","href":"https:\/\/api.w.org\/{rel}","templated":true}]}}